0. Let w be (4494/(-56) - 6/8)*-1. Is o*(w/(-12) + -4) prime?
True
Suppose -2*t - 5*b + 2623091 = 0, -3*t - 56*b + 55*b + 3934578 = 0. Is t a composite number?
False
Let l(m) = m**2 - 18*m + 14. Let v be l(16). Let k be 2656/(-10) - v/(-45). Let s = 41 - k. Is s composite?
False
Let t = 716722 - 494813. Is t prime?
True
Is (276/644)/(9/4185741) a composite number?
False
Suppose 84*y - 146946 - 152346 = 0. Is y prime?
False
Let p(o) = o**2 + 6*o - 21. Let w be 4/(-8)*-6 - (2 + 10). Let x be p(w). Let m(j) = 7*j**3 + 6*j**2 + 7. Is m(x) a composite number?
True
Let h be 3108292/77 - 6 - 4/(-7). Let l = h - 23151. Is l composite?
True
Let r = -222103 - -343242. Is r a prime number?
True
Let h = -1816269 - -3051220. Is h a prime number?
True
Let j = -385 - -387. Suppose -52*f + 56*f = j*h - 16290, -h + 3*f = -8147. Is h prime?
False
Let g(i) = 139*i**2 - 3*i + 3. Let q = -43 + 45. Let n be g(q). Suppose -475 = -4*a + n. Is a a prime number?
True
Suppose -1998 - 942 = -5*v. Suppose 0*d + 2*d - 398 = 5*q, -v = -3*d + 3*q. Let h = 101 + d. Is h a composite number?
True
Suppose -5*a - 3 = -3*l, a + 2*l = -2*a + 2. Suppose 8*q - 9932 - 32780 = a. Is q prime?
False
Let a be (1 + 0)*((-45)/3)/(-3). Suppose -3*z = a*t - 973, -3*z + 2*t = -358 - 643. Is z composite?
False
Suppose 2 = 2*a - 4. Let w(u) = 334*u + 7. Let f be w(a). Let j = f + -488. Is j a prime number?
True
Suppose 130852 = -118*w + 2139566. Is w a composite number?
True
Let p be ((-24)/(-16))/((-5)/(-10)). Suppose p*r = 7371 + 12450. Is r a composite number?
False
Let f = -5201 - -44844. Is f a prime number?
False
Suppose -42 = -8*r - 6*r. Suppose -n = -f + 53, -8*f - 5*n + 245 = -r*f. Is f prime?
False
Let a = -290 - -280. Is (-4)/a + 478049/65 a prime number?
False
Suppose 0 = -37*l + 18*l + 25*l - 51618. Is l a composite number?
True
Let w be 158*(302/(-4) - 9). Let p = 33952 - w. Is p a composite number?
False
Let o(z) = z**3 - 14*z**2 - z + 26. Let j be o(14). Suppose -j*k + 24185 = -7*k. Is k a prime number?
False
Let m be 2/3 - ((-324765)/(-27))/(-7). Let n = m - -2248. Is n prime?
True
Suppose -345*f + 594788938 = -145418567. Is f prime?
True
Suppose 20 = 2*l - 2*t, 4*l - 6*t - 26 = -4*t. Let s = -4805 - -11849. Suppose -s = -7*k + l*k. Is k composite?
True
Suppose 8928822 + 18161103 = 75*q. Is q a prime number?
False
Suppose 4*l + 85 = -3*g + 288, -9*l + 4*g + 489 = 0. Is l prime?
True
Let w = 1346 - -857. Suppose w = -4*a + 11151. Is a prime?
True
Suppose 4*u - 80 = 8. Suppose u - 7 = 3*n. Suppose -i = -6*i - n, m - 415 = -4*i. Is m a prime number?
True
Suppose y = -3*j + 267374, 78*j = -3*y + 77*j + 802082. Is y composite?
True
Suppose i + 3*d = 68389, -5*i - 41*d + 44*d = -341873. Is i a composite number?
True
Let z(x) = -10*x**3 - 20*x**2 + 16*x - 73. Is z(-31) a composite number?
True
Suppose 0 = -1957*z + 2014*z - 27923502. Is z a composite number?
True
Suppose -4*k + 5*s = -21, -7*k + 5*k + 3*s + 11 = 0. Is k/8 + (-336850)/(-20) a composite number?
False
Let a = -398 - -147. Let c = 12 - 6. Is (-3 + c)*a/(-3) a prime number?
True
Let z(l) = l**2 - l - 40. Let d be z(7). Suppose -2*s - k + 5268 = 0, -d*s - 16*k = -18*k - 5262. Is s a prime number?
True
Suppose 26*l + 194577 = 29*l + s, 0 = -4*s. Is l prime?
False
Let w be (-8546)/(1 + (-12)/4). Suppose -647 = -3*s - 3*m + 2557, -3*m + w = 4*s. Is s composite?
False
Let b(d) = 2*d**2 - 9*d - 13. Let u be b(6). Suppose 5*t = -5*f + 4825, -3*t - u*f = -f - 2893. Is t prime?
True
Let o(b) = 289*b**2 - 3*b. Let s be o(-3). Let v be 82080/(-180) + (-7 - -2). Let t = v + s. Is t prime?
False
Let y = 85 + -88. Let z be (y - (-39)/3)*1. Is (-97170)/(-38) - z/95 a prime number?
True
Suppose 43*u = 47*u + 28. Let t be (1/(-1))/(u/1813). Suppose 0 = -0*c - c + t. Is c prime?
False
Suppose -527*i = -541*i + 266378. Is i a prime number?
False
Let u = 104 + -94. Let d(n) be the third derivative of -n**6/120 + 3*n**5/10 - n**4/6 + 11*n**3/6 + 11*n**2. Is d(u) composite?
True
Let s = -35 + 36. Suppose -3 = -l - s. Suppose 0 = -3*p + l*k + 791, -5*p + 254 = 4*k - 1057. Is p composite?
False
Suppose n = 4*q + 1644, -45 = -q - n - 456. Let a = 280 - q. Is a composite?
False
Let b = 69 + -40. Let o = -37 + b. Is o/20 - (-1)/(-5)*-1547 a composite number?
True
Let u be 2 + 49864 - (3 - 6)*1. Suppose u = 7*x + 20*x. Is x prime?
True
Suppose 0*u - 3*u = 60. Let r be -5 - (844/6)/((-6)/18). Let d = r - u. Is d a composite number?
True
Let j = 66 + -64. Suppose 0 = j*g + 3*q - 350 - 49, g - 210 = 2*q. Let f = -77 + g. Is f prime?
True
Let r = 476 - 479. Is -7 - r - (3 - 3 - 5819) composite?
True
Let r(t) = -103*t + 296. Let u be r(-34). Suppose z + u = 2*c - 3*z, 3*z - 3763 = -2*c. Is c composite?
False
Suppose -16*m + 5319662 = 33*m + 13*m. Is m prime?
False
Let p = -13158 + 24173. Is p composite?
True
Let r(u) = -2*u - 48. Let m be r(-25). Suppose m*n - 1432 = 1052. Let c = n - 629. Is c prime?
True
Let o be (-1375)/(-75) - 1/3. Let k(h) be the first derivative of h**3 + 11*h**2 + 31*h + 3. Is k(o) a prime number?
True
Let b(q) = 2*q**2 + 3*q + 14. Let t be b(-4). Suppose -t*c = -27*c - 161049. Is c a composite number?
True
Suppose -4*l + 2080836 = -2*s, -18*s = l - 20*s - 520215. Is l composite?
True
Let i be (-3 + 39/15)*(14 - 4). Is i/(-18) - (-23029)/9 a composite number?
True
Let f = -22519 - -13524. Let s = f + 18104. Is s prime?
True
Suppose -38*b = -2189127 - 325067. Suppose -b = -6*x - 14905. Is x a composite number?
False
Let u(a) = 51046*a**2 - 51*a + 267. Is u(5) prime?
False
Suppose -4*o - 9 - 7 = 0, -4*s + o - 28 = 0. Let i be s/44 - (-6635)/11. Let p = i - 340. Is p composite?
False
Suppose -5*x = -10*x + 50. Is x/(-4)*(1 + -2)*7522 composite?
True
Let r = -26568 - -81835. Is r composite?
True
Let y(r) = 3*r**2 + 42 - 990*r**3 - 2*r**2 - 43. Let l be y(-1). Is l + (-3 + 8)/5 a prime number?
True
Suppose 1330 = -5*q - 1430. Let h = 2651 + q. Is h prime?
True
Suppose 15 = -3*c, 3*r - 18206 = -5*c + 27369. Suppose 9*x - 12*x = -4*p - 11365, 4*x = -4*p + r. Suppose -9*v + 10212 = x. Is v composite?
True
Suppose 5*g - 5*q + 5 = 0, 3*q - 8*q - 2 = 2*g. Let o be ((-1)/2)/(g/10). Suppose 15823 = o*t + 4*x, -4*t + t + 4*x = -9481. Is t a composite number?
False
Let k(v) = -223*v - 15. Let r(j) = -j**2 - 17*j + 28. Let y(w) = -10*w + 1. Let o be y(2). Let m be r(o). Is k(m) a composite number?
True
Suppose -2*t + 0*t - 4 = 2*p, 46 = -5*p + 4*t. Is 35464/24 + 4/p prime?
False
Let y(l) = -39*l - 6. Let r(d) = 4*d**2 - 13*d - 1. Let a be r(4). Let t = -12 + a. Is y(t) a composite number?
True
Let l = 671873 + -335860. Is l prime?
False
Let q be (1 - -7 - 3)/(1/6). Suppose 115 = b + q. Is (-10)/b + (-7095)/(-51) prime?
True
Let j = 680087 - 364474. Is j a composite number?
False
Let f(c) = -2*c + 154. Let a be f(21). Let g = 197 - a. Is g composite?
True
Let q(w) be the second derivative of -13*w**3/3 - 13*w**2/2 + 10*w. Let m be q(-17). Suppose -3*h - h = 5*k - m, 0 = -k - h + 85. Is k a prime number?
True
Suppose -2*o + 1710 = 3*y - 47267, 0 = -5*o - y + 122410. Is o a composite number?
False
Let v(n) = 24 - 200557*n**3 + 50*n**2 + n - 49*n + 200556*n**3. Is v(43) a prime number?
True
Let d = -113937 - -237790. Is d composite?
False
Suppose v = -4*c - 17, -4*v + 2*c - c = -17. Suppose -v*w + 22825 = l, -w + 2*l - l + 7611 = 0. Is w a prime number?
False
Let i be (2 + -2 - -537)/(8/(-88)). Let z be -4 + 0/1 + i. Let k = 19556 + z. Is k a composite number?
True
Let h(k) = 515*k**3 - k**2 - 11*k + 57. Is h(4) a prime number?
True
Let u = 26 + -6. Suppose -25*j + 30*j = -u. Let h = j - -227. Is h a prime number?
True
Let t(g) = -15*g**3 + 20*g**2 + 3*g - 13. Let p(k) = 16*k**3 - 20*k**2 - 4*k + 10. Let h(a) = -4*p(a) - 5*t(a). Is h(8) a composite number?
True
Let s(q) = q**3 + 6*q**2 - 2*q - 10. Let u be s(-6). Suppose 8*x + 1563 = 7*x - 2*i, -u*x = -3*i + 3119. Is (0 + 1)*x*(10 - 11) prime?
False
Suppose -197*d - 106*d + 42504234 = 0. Is d a composite number?
True
Suppose t - 107311 = 2*w, 429167 = -17*t + 21*t + 3*w. Is t a prime number?
False
Let d = -56580 - -112124. Suppose 41665 = 3*i - 5*m, 2*i = -2*i + 2*m + d. Is i prime?
False
Let d(g) = 17*g + 19. Let h(q) = -q**2 - 16*q - 18. Let s(o) = -5*d(o) - 6*h(o). Suppose 0 = 2*u - 20*u - 147 